55?
False
Does 4 divide 319191140?
True
Is 2567545952 a multiple of 500?
False
Is 21077215 a multiple of 2?
False
Is 124589640 a multiple of 2490?
True
Does 586 divide 2239446814?
False
Is 619608672 a multiple of 144?
True
Is 57 a factor of 252212456?
False
Does 152 divide 202987683?
False
Is 28 a factor of 46982600?
True
Is 6 a factor of 13847088?
True
Is 27415360 a multiple of 32?
True
Is 896 a factor of 156998016?
True
Does 393 divide 60777233?
False
Is 27164177 a multiple of 24?
False
Is 16 a factor of 2067738?
False
Is 57717848 a multiple of 424?
True
Does 46 divide 51630124?
True
Does 2010 divide 35524740?
True
Is 2021 a factor of 1172867140?
True
Is 2826 a factor of 335549109?
False
Is 978383429 a multiple of 28?
False
Does 3974 divide 151667710?
True
Is 112619824 a multiple of 105?
False
Is 168220779 a multiple of 39?
False
Is 3 a factor of 52746910?
False
Is 76321817 a multiple of 143?
True
Is 30636232 a multiple of 88?
True
Is 267825756 a multiple of 278?
True
Is 1840 a factor of 534458574?
False
Does 9 divide 19360031?
False
Is 140077608 a multiple of 44?
True
Does 851 divide 56590261?
False
Is 4 a factor of 603401773?
False
Is 1646765340 a multiple of 7?
False
Is 90971403 a multiple of 8?
False
Does 984 divide 760164260?
False
Is 135908888 a multiple of 143?
False
Does 75 divide 1060205363?
False
Is 600608126 a multiple of 8128?
False
Is 191007889 a multiple of 337?
False
Does 14 divide 123556764?
False
Is 533 a factor of 166550469?
False
Is 52161600 a multiple of 300?
True
Is 138 a factor of 247211544?
True
Is 60603677 a multiple of 46?
False
Does 41 divide 68523218?
True
Does 66 divide 1767668142?
False
Does 1817 divide 345795087?
True
Is 7 a factor of 44217276?
False
Is 303 a factor of 19978002?
True
Does 2022 divide 218349714?
True
Is 5935640246 a multiple of 261?
False
Is 63 a factor of 182373675?
False
Does 30 divide 22909710?
True
Is 591 a factor of 254035975?
False
Is 678 a factor of 424499190?
True
Is 1807 a factor of 256400651?
True
Does 40 divide 34254232?
False
Does 12 divide 55374324?
True
Is 282626249 a multiple of 33?
False
Is 669250832 a multiple of 323?
True
Is 75162976 a multiple of 36?
False
Is 559663183 a multiple of 157?
False
Is 222 a factor of 45835902?
False
Is 177285847 a multiple of 64?
False
Does 38 divide 59806414?
True
Does 2518 divide 597723231?
False
Is 14852008 a multiple of 1283?
True
Is 180086960 a multiple of 56?
False
Does 11 divide 204980935?
False
Does 17 divide 77550690?
False
Is 4365369130 a multiple of 41?
False
Is 1463624347 a multiple of 6398?
False
Is 14101063 a multiple of 31?
True
Does 324 divide 42549124?
False
Does 12 divide 519340884?
True
Is 181 a factor of 58793687?
True
Is 894 a factor of 90915420?
False
Does 52 divide 233001548?
True
Does 806 divide 356658224?
True
Is 592 a factor of 519430099?
False
Is 58884700 a multiple of 100?
True
Is 2 a factor of 19563704?
True
Does 55 divide 5519335961?
False
Is 33 a factor of 937992414?
False
Is 27 a factor of 310421149?
False
Is 25 a factor of 220724520?
False
Is 20 a factor of 160768812?
False
Does 286 divide 13463115?
False
Is 15766240 a multiple of 35?
True
Is 25 a factor of 9605232?
False
Is 286057136 a multiple of 16?
True
Does 14 divide 11219606?
False
Does 4043 divide 448459934?
False
Is 645746616 a multiple of 684?
True
Does 1132 divide 1150946284?
True
Is 132376704 a multiple of 57?
False
Is 45133973 a multiple of 18?
False
Is 47807111 a multiple of 187?
True
Is 2643704207 a multiple of 241?
True
Does 12 divide 13236678?
False
Is 16755539 a multiple of 10?
False
Is 5355 a factor of 305030503?
False
Is 290370670 a multiple of 10?
True
Does 182 divide 235017897?
False
Does 5044 divide 701892776?
True
Is 22 a factor of 7890740?
True
Does 10 divide 87412180?
True
Does 28 divide 25225891?
False
Is 2714100 a multiple of 46?
False
Does 382 divide 429765508?
False
Is 19433082 a multiple of 8?
False
Is 17 a factor of 51594830?
True
Is 12 a factor of 28376360?
False
Does 31 divide 25780078?
False
Is 411 a factor of 330656693?
False
Does 3982 divide 698160016?
False
Is 72693507 a multiple of 14?
False
Is 89573006 a multiple of 27?
False
Is 3112 a factor of 21777776?
True
Is 1770716321 a multiple of 12?
False
Is 78203507 a multiple of 762?
False
Is 124 a factor of 1273330378?
False
Is 815 a factor of 325799786?
False
Is 374371182 a multiple of 240?
False
Does 1314 divide 355257967?
False
Does 2176 divide 403178327?
False
Does 953 divide 6265070603?
True
Is 11 a factor of 184985856?
True
Is 1919519 a multiple of 443?
True
Does 63 divide 19175702?
False
Is 55 a factor of 616931292?
False
Does 1349 divide 24542357?
True
Is 2159 a factor of 197404582?
False
Is 12 a factor of 427546817?
False
Is 1884595 a multiple of 167?
True
Is 116998290 a multiple of 5193?
True
Is 13 a factor of 27812484?
False
Does 20 divide 19264021?
False
Is 294296464 a multiple of 28?
True
Is 141377544 a multiple of 924?
True
Is 35518738 a multiple of 37?
False
Is 111 a factor of 49492934?
False
Is 40 a factor of 1363481680?
True
Is 35004433 a multiple of 1923?
False
Is 66 a factor of 2026423?
False
Is 51 a factor of 97768479?
True
Is 317 a factor of 100285039?
False
Is 39 a factor of 59160894?
True
Does 1563 divide 200478195?
True
Is 33383205 a multiple of 5?
True
Is 701101710 a multiple of 52?
False
Is 2412453869 a multiple of 17?
False
Is 368957314 a multiple of 319?
True
Is 33 a factor of 559084680?
True
Is 20 a factor of 1022304500?
True
Is 1275 a factor of 55165843?
False
Is 21 a factor of 151667187?
True
Is 58 a factor of 99812026?
True
Is 84 a factor of 244793304?
True
Does 18 divide 38870827?
False
Does 3 divide 314597566?
False
Does 842 divide 63057079?
False
Is 5 a factor of 34276515?
True
Is 305811415 a multiple of 3977?
True
Does 255 divide 88569907?
False
Does 33 divide 38642958?
False
Is 98 a factor of 22474673?
False
Is 88 a factor of 1504373280?
False
Does 30 divide 19934629?
False
Does 990 divide 100521630?
True
Is 128204725 a multiple of 483?
False
Is 453 a factor of 5927728?
False
Does 2 divide 35164834?
True
Does 11 divide 36994798?
False
Is 37898143 a multiple of 3363?
False
Does 1061 divide 446407775?
False
Is 66 a factor of 6530112?
False
Is 74107452 a multiple of 1068?
True
Is 130640113 a multiple of 72?
False
Is 94078140 a multiple of 390?
True
Is 21 a factor of 767815841?
False
Does 111 divide 2016768291?
False
Is 94220172 a multiple of 162?
True
Is 3 a factor of 10391786?
False
Does 43 divide 356798134?
False
Does 39 divide 2596152?
True
Does 5 divide 4496700?
True
Is 4 a factor of 212968842?
False
Is 12 a factor of 231094741?
False
Does 175 divide 265332791?
False
Is 445169736 a multiple of 32?
False
Does 1076 divide 360984097?
False
Is 78824708 a multiple of 1174?
True
Does 8935 divide 930839365?
True
Is 106912361 a multiple of 458?
False
Is 226082516 a multiple of 1348?
True
Does 331 divide 6414449?
True
Does 5211 divide 223265295?
True
Is 14 a factor of 2107364?
True
Does 9 divide 27261943?
False
Does 24 divide 117757062?
False
Does 3172 divide 15682125?
False
Does 56 divide 6008408?
True
Is 20 a factor of 524407449?
False
Does 4105 divide 797688332?
False
Is 132 a factor of 1686696?
True
Is 672 a factor of 1061614178?
False
Is 244364373 a multiple of 503?
False
Does 783 divide 4700710446?
False
Does 10 divide 109830220?
True
Does 2363 divide 3361910990?
True
Does 1290 divide 606300?
True
Is 567095031 a multiple of 927?
True
Is 472081653 a multiple of 57?
False
Does 82 divide 185069375?
False
Does 146 divide 55238392?
False
Is 44010306 a multiple of 2602?
False
Is 18396683 a multiple of 15?
False
Is 165895885 a multiple of 11?
False
Does 38 divide 76655158?
True
Is 587 a factor of 139707174?
True
Is 1639356570 a multiple of 13?
False
Is 5296 a factor of 91566256?
False
Is 290348 a multiple of 2?
True
Does 304 divide 2926912?
True
Does 18 divide 7107084?
True
Is 157 a factor of 12691095?
True
Is 28 a factor of 2250132?
False
Does 15 divide 12247740?
True
Is 8982295 a multiple of 1355?
True
Is 110670293 a multiple of 18?
False
Is 222992666 a multiple of 14?
False
Is 161172 a multiple of 121?
True
Does 127 divide 790293714?
False
Does 1501 divide 58036291?
False
Is 13 a factor of 54707768?
False
Is 427486764 a multiple of 20?
False
Is 142